- 3. Let d(u) = -u + 3. Let q(j) = -3*d(j) - 2*o(j). Suppose -5*s + s - 16 = -2*l, l = -5*s + 1. What is q(l)?
3
Let c be ((-4)/(-1))/((-4)/(-8)). Let r = 8 - c. Suppose r*m = 3*m + 3. Let h(u) = 5*u**3 + u. Give h(m).
-6
Let p(x) = x**3 - 12*x**2 + 14*x - 15. Suppose -139 + 227 = 8*u. What is p(u)?
18
Suppose -3*u + 10 = -8. Let k be (6 - u) + (-1 - -1). Suppose k = 4*d - 1 + 9. Let o(i) = i**2 + 4*i + 2. What is o(d)?
-2
Let r(d) = -5*d - 1. Let a(u) = -3*u - 3. Let q(m) = -2*a(m) + 3*r(m). Determine q(1).
-6
Let g be (-3)/(-5) + ((-12)/5)/(-1). Let d(r) = -4*r**2 - r**3 + 2*r + r**g - 12 - r**3 + 14. What is d(-4)?
-6
Let k(s) be the second derivative of s**5/20 + s**4/3 - 5*s**3/6 + 5*s**2/2 - 3*s. Let q be (3/(-6) + 3)/(2/(-4)). Give k(q).
5
Let l(t) = -4*t - 6. Let b(c) = -c**3 + c**2 + 3*c - 2. Let x be b(-5). Let q = x - 141. Determine l(q).
26
Let v(y) = -19*y + 7*y + 4*y + 2*y + 45. Give v(8).
-3
Let w(s) be the first derivative of 4*s**2 - 4*s + 5. Let u(c) = 7*c - 3. Let i(l) = -5*u(l) + 4*w(l). Determine i(2).
-7
Let y(i) = -i**2 - 5*i + 5. Let b be y(-5). Let t(w) = 35*w**2 + 21*w + 7. Let h(r) = -19*r**2 - 12*r - 4. Let j(n) = -11*h(n) - 6*t(n). Give j(b).
7
Let s(j) = 2*j - 24. Let c be s(15). Let y(b) = b**2 - 9*b + 3. Give y(c).
-15
Let f = 16 + -16. Suppose -l + 2 + 1 = f. Suppose l*d + 4 + 14 = 0. Let c(p) = -p**3 - 6*p**2 + 3. Determine c(d).
3
Let k(c) = -10*c + 8. Let x be (39/6)/(-13)*2*-4. What is k(x)?
-32
Let r(c) = c**2 + c - 2. Let f(b) = b**3 - 18*b**2 + 17*b - 9. Let p be f(17). Let y = p + 7. What is r(y)?
0
Let g(j) = j**2 - j + 1. Suppose -4*u + 4 = 4*d - 0, 0 = -2*u + 3*d - 13. What is g(u)?
7
Let v = -370 + 374. Let l(z) = z**2 - 5*z. Determine l(v).
-4
Let q = 4 - 1. Let m(d) = 1 - q*d - 6 + 5*d - 2. Determine m(7).
7
Suppose 0 = -3*z + 5*k + 43, -3*z - k - 4*k + 53 = 0. Let v(o) = -o + 19. Calculate v(z).
3
Let v(l) be the third derivative of l**5/60 + 5*l**4/12 + 2*l**3 + 877*l**2. Suppose -4 + 2 = 2*h, 43 = -5*n - 3*h. What is v(n)?
-4
Let m(x) = -7*x**3 - x**2. Let t(k) = -k**3 + 3*k**2. Let p be t(3). Suppose -3*w + 12 = -p*w. Let z(b) = -b + 3. Let h be z(w). What is m(h)?
6
Let j(q) = 124*q**2 - 248*q**2 + 1 + q + 123*q**2. Give j(2).
-1
Let n(k) be the third derivative of -k**5/60 - 3*k**4/8 + 5*k**3 - 13*k**2 + 12*k. Determine n(3).
-6
Let g(i) = -i**3 - 5*i**2 + i + 3. Let b(t) = t**3 - 7*t**2 - 5. Suppose 3*c - c - 14 = 0. Let u be b(c). Give g(u).
-2
Let t(m) = 152 - m - 73 - 65. What is t(9)?
5
Let q(h) be the first derivative of -h**3/3 + 6*h**2 + 12*h - 2. Let g be q(13). Let u(b) = 5*b**3 - 2*b - 1. Determine u(g).
-4
Let f(u) = 2*u + 18. Let r be f(-8). Let q(g) = -r*g + 3*g - 8 + 0*g. Suppose -2*j + 5*v + 37 = 0, 8*j - 55 = 3*j + 5*v. What is q(j)?
-2
Let b(h) be the third derivative of h**6/120 + h**5/30 - 3*h**4/8 + h**3/3 + 217*h**2. Determine b(-4).
6
Let c(a) = a. Let n be c(-4). Let d be n/6 - (-132)/36. Let b(m) = -m**d + 3*m**2 + 2*m**2 - 2*m**2 + 4 + 0*m**2 - 4*m. Determine b(3).
-8
Let g(x) = -4*x - 6. Suppose 3*r = -3*t + 33, -3*t - 5*r + 75 = 32. Suppose -7*s + 2*s = -25. Let i be t - 5 - 1*s. What is g(i)?
10
Let g(n) = n**3 - 8*n**2 + 9*n - 10. Suppose 6*m - 13 = 5*y + 3*m, -4*y = 4*m + 4. Let c = y + -23. Let j = -18 - c. Give g(j).
4
Let g(i) be the first derivative of -i**4/4 - 2*i**3/3 - 5*i**2/2 - 2*i - 38. What is g(-3)?
22
Let y = 15 + -7. Suppose -y*w = -3*w - 55. Let u(t) = 3*t + 11. Let q(n) = -5*n - 21. Let d(j) = w*u(j) + 6*q(j). What is d(5)?
10
Let u(c) = 6*c + 9*c - 23*c - 5 + 7*c. What is u(-5)?
0
Let u(f) = -1. Let m(p) = -p**3 + 12*p**2 + p - 6. Let c(x) = -m(x) - 5*u(x). Let v be c(12). Let o(w) = -11*w. What is o(v)?
11
Let g(a) = -a - 5. Let u(m) = -m**2 + 2*m + 17. Let o be u(5). Let z be (22/(-6) + 2)*-6. Suppose 4*h + 0*n = -5*n + z, 4 = -h + o*n. Give g(h).
-5
Let t(n) = 12*n + 1. Let c be ((-2)/4)/(((-2)/268)/1). Let r = c - 66. Determine t(r).
13
Let m(o) = 3 + 8626*o - 8628*o + 0. Determine m(2).
-1
Let d(z) be the third derivative of -z**6/120 - z**5/30 + z**4/6 - z**3/6 + 12*z**2 + 2*z. Determine d(2).
-9
Let z be 1/(-2) + 1/(-2). Suppose -w + 8*w = 84. Let u(d) = w*d - 24*d + 18*d. Determine u(z).
-6
Let r(k) be the second derivative of k**5/20 + 5*k**4/6 + 7*k**3/6 - 13*k**2/2 - 45*k. Calculate r(-9).
5
Let q(d) = 11*d**2 - 4*d - 1. Let p(r) = -6*r**2 + 2*r + 1. Let x = 113 - 120. Let a(u) = x*p(u) - 4*q(u). Give a(3).
-15
Let m(k) = 2*k + 24. Let o(v) = 6*v**2 + 53*v - 16. Let f be o(-9). Give m(f).
10
Suppose 6 = 3*f, 3*f - 16 - 30 = 5*c. Let r(a) = -a**2 - 10*a - 3. Determine r(c).
13
Let q = -12 - -7. Let m(a) = a**2 - a. Let i(h) = -h**3 - 8*h**2 + 4*h - 1. Let t(r) = i(r) + 3*m(r). What is t(q)?
-6
Let q(g) = 1. Let d(w) = 2*w**2 + 7*w + 6. Let o(k) = -d(k) + 2*q(k). Let p be o(-3). Let r(t) = -6*t**2. Determine r(p).
-6
Let l(q) = -15*q**2 + 8*q + 7. Let h(f) = 4*f**2 - 1. Let w(a) = -4*h(a) - l(a). Determine w(-7).
4
Let o(a) be the third derivative of a**5/60 + 11*a**4/24 + a**3/2 - 19*a**2. What is o(-10)?
-7
Let c(y) be the third derivative of 0*y**4 + 0*y - 10*y**2 - 1/3*y**3 - 1/60*y**5 + 0. Determine c(-2).
-6
Let n(m) = 2*m**2 - 24*m - 51. Let r be n(-2). Let u(s) = s**2 - 2*s - 6. Determine u(r).
9
Let x be (-1)/(2/(-18)*3). Suppose 0 = x*h - 12, 5*h = -3*r + 3*h + 14. Let b(j) = -6 - 4*j**r - j**3 + 6 - j - j. Calculate b(-4).
8
Let o = -14 - -12. Let k(h) = -1 - 16*h**2 + 5*h + 4 + 17*h**2 + 3. Let s be k(o). Let y(j) = j**3 - j - 3. Calculate y(s).
-3
Let x(r) = 13*r - 5. Let q(l) = 63*l - 24. Let o(w) = -5*q(w) + 24*x(w). Calculate o(-1).
3
Let c(l) = 111*l**2 - 12*l + 4. Let t(p) = -35*p**2 + 4*p - 1. Let w(m) = -6*c(m) - 19*t(m). Suppose 8 = -2*s, -s - 2*s = -3*k. Determine w(k).
-5
Let g = 87 - 89. Let p(w) = -38*w + 19*w + 3 - 2*w**2 + 21*w. Determine p(g).
-9
Let s be (5/(-25))/((-3)/105). Let k(q) = q**2 - 4 + 2 + 2 + 5*q + s. What is k(-5)?
7
Let x(g) = g**3 - 10*g**2 + 13*g + 27. Let o be x(8). Let t(j) = j**3 - 4*j**2 - 2*j + 2. What is t(o)?
-13
Suppose v + 4*s = -2, 3*v + 3*s + 1 = 2*v. Suppose 4*i + c + 10 = i, -v*i = -c + 15. Let l(h) = h + 3. Give l(i).
-2
Let y(s) = s**2 + 1. Let u(v) = -v**2 - 1. Let x(i) = -2*u(i) - y(i). Let t(g) = g**3 + 7*g**2 - g - 1. Let c(l) = -t(l) + 6*x(l). What is c(0)?
7
Let f(k) = -18*k - 1. Let h be (-635)/(-15) + 4/6. Suppose i = h - 42. What is f(i)?
-19
Let r(y) be the second derivative of y**4/12 + y**3/6 - y**2 + y. Let b be r(-4). Let i(f) = -4*f + b*f - 2 - 8*f + f. Determine i(-5).
3
Let p(w) = -w**3 - 6*w**2 + 8*w - 2. Let x be (-84)/9*(-6)/(-8). Determine p(x).
-9
Let h be (-108)/(-81)*(-6)/(-4). Suppose 3*n + 3*q + 16 = n, n + h*q + 10 = 0. Let y(u) = u**3 + 2*u**2 + 1. Determine y(n).
1
Let k be (24/10)/((-166)/(-415)). Let a(h) = h - 1. Give a(k).
5
Let d(h) be the third derivative of -h**7/840 - 7*h**6/360 - h**5/20 + h**4/4 - 5*h**3/3 + 11*h**2. Let u(n) be the first derivative of d(n). Give u(-6).
6
Let l(y) = 4*y**2 - 4 - 2*y - 37*y**2 + 32*y**2. Suppose -43 = 3*s - 4. Let m(r) = r + 10. Let x be m(s). Give l(x).
-7
Suppose 0*y - 3 = y. Let h(q) be the first derivative of 1/3*q**3 + 4*q + 12 + 1/2*q**2. Calculate h(y).
10
Let d(x) = x - 13. Suppose -4*y + 2*g + 38 = 0, 7*y - 12*y + 2*g + 45 = 0. Calculate d(y).
-6
Let d(r) = r**2 + r + 3. Let c(v) = v + 13. Let x be c(-13). Give d(x).
3
Let u = -14 - -17. Let f(j) = u*j - 5*j + 4 - j. Determine f(5).
-11
Let i(k) = -k**3 + 7*k**2 + 8*k. Let r(z) = -z + 15. Let y be r(11). Suppose 12 = 3*j, 0*p - 3*j = -p - y. Give i(p).
0
Suppose 0*s = s. Let l be (-16 + s)*(-2)/4. Let i(d) = 12*d**2 + 3*d - 2 - d - l*d**2 - d**3. Give i(3).
13
Suppose -1 = -3*s + 14. Suppose 3 + 17 = -s*x. Let n be x + 1/(-1 - 0). Let p(k) = k. Determine p(n).
-5
Let r(p) = 39 - 26 - 32 + p. Calculate r(12).
-7
Let q(w) = 2*w. Let f(y) = y. Let u(x) = -8*f(x) + 5*q(x). Let r(j) = -44*j + 131. Let k be r(3). What is u(k)?
-2
Let p(q) = -13*q - 26. Let o(r) = r**2 + r + 4. Let l(b) = -o(b) - p(b). Calculate l(14).
-6
Let t(b) = b**2 + 5*b - 5. Suppose -4*m + 54 = -13*m. Let k be t(m). Let l(i) = 9*i - 1. Calculate l(k).
8
Suppose -4*q = -7*q + 3*r + 33, -5*q + 3*r + 51 = 0. Let w(a) = -9*a**3 + 10*a**3 - 1 - q - a. Calculate w(0).
-10
Let y(s